[INFO] cloning repository https://github.com/garious/solana-stake-accounts
[INFO] running `Command { std: "git" "-c" "credential.helper=" "-c" "credential.helper=/workspace/cargo-home/bin/git-credential-null" "clone" "--bare" "https://github.com/garious/solana-stake-accounts" "/workspace/cache/git-repos/https%3A%2F%2Fgithub.com%2Fgarious%2Fsolana-stake-accounts", kill_on_drop: false }`
[INFO] [stderr] Cloning into bare repository '/workspace/cache/git-repos/https%3A%2F%2Fgithub.com%2Fgarious%2Fsolana-stake-accounts'...
[INFO] running `Command { std: "git" "rev-parse" "HEAD", kill_on_drop: false }`
[INFO] [stdout] cc91cb24729eba090f4cc62eb064c8edf88d0948
[INFO] checking garious/solana-stake-accounts against master#af3c6e733a40e671550e0f0f5aeecaa13772ba56 for pr-74989
[INFO] running `Command { std: "git" "clone" "/workspace/cache/git-repos/https%3A%2F%2Fgithub.com%2Fgarious%2Fsolana-stake-accounts" "/workspace/builds/worker-10/source", kill_on_drop: false }`
[INFO] [stderr] Cloning into '/workspace/builds/worker-10/source'...
[INFO] [stderr] done.
[INFO] validating manifest of git repo https://github.com/garious/solana-stake-accounts on toolchain af3c6e733a40e671550e0f0f5aeecaa13772ba56
[INFO] running `Command { std: "/workspace/cargo-home/bin/cargo" "+af3c6e733a40e671550e0f0f5aeecaa13772ba56" "read-manifest" "--manifest-path" "Cargo.toml", kill_on_drop: false }`
[INFO] started tweaking git repo https://github.com/garious/solana-stake-accounts
[INFO] finished tweaking git repo https://github.com/garious/solana-stake-accounts
[INFO] tweaked toml for git repo https://github.com/garious/solana-stake-accounts written to /workspace/builds/worker-10/source/Cargo.toml
[INFO] crate git repo https://github.com/garious/solana-stake-accounts already has a lockfile, it will not be regenerated
[INFO] running `Command { std: "/workspace/cargo-home/bin/cargo" "+af3c6e733a40e671550e0f0f5aeecaa13772ba56" "fetch" "--locked" "--manifest-path" "Cargo.toml", kill_on_drop: false }`
[INFO] running `Command { std: "docker" "create" "-v" "/var/lib/crater-agent-workspace/builds/worker-10/target:/opt/rustwide/target:rw,Z" "-v" "/var/lib/crater-agent-workspace/builds/worker-10/source:/opt/rustwide/workdir:ro,Z" "-v" "/var/lib/crater-agent-workspace/cargo-home:/opt/rustwide/cargo-home:ro,Z" "-v" "/var/lib/crater-agent-workspace/rustup-home:/opt/rustwide/rustup-home:ro,Z" "-e" "SOURCE_DIR=/opt/rustwide/workdir" "-e" "CARGO_TARGET_DIR=/opt/rustwide/target" "-e" "CARGO_HOME=/opt/rustwide/cargo-home" "-e" "RUSTUP_HOME=/opt/rustwide/rustup-home" "-w" "/opt/rustwide/workdir" "-m" "1610612736" "--user" "0:0" "--network" "none" "rustops/crates-build-env@sha256:d92eaeed33fa75130ca1ee6c8a01d1ffb62bac859dfdfb3450e3e5d1c0146529" "/opt/rustwide/cargo-home/bin/cargo" "+af3c6e733a40e671550e0f0f5aeecaa13772ba56" "metadata" "--no-deps" "--format-version=1", kill_on_drop: false }`
[INFO] [stdout] b426ef46aeb432721b291652f57b5b36b3edb03da7206ad85bb37a89891d9aad
[INFO] [stderr] WARNING: Your kernel does not support swap limit capabilities or the cgroup is not mounted. Memory limited without swap.
[INFO] running `Command { std: "docker" "start" "-a" "b426ef46aeb432721b291652f57b5b36b3edb03da7206ad85bb37a89891d9aad", kill_on_drop: false }`
[INFO] running `Command { std: "docker" "inspect" "b426ef46aeb432721b291652f57b5b36b3edb03da7206ad85bb37a89891d9aad", kill_on_drop: false }`
[INFO] running `Command { std: "docker" "rm" "-f" "b426ef46aeb432721b291652f57b5b36b3edb03da7206ad85bb37a89891d9aad", kill_on_drop: false }`
[INFO] [stdout] b426ef46aeb432721b291652f57b5b36b3edb03da7206ad85bb37a89891d9aad
[INFO] running `Command { std: "docker" "create" "-v" "/var/lib/crater-agent-workspace/builds/worker-10/target:/opt/rustwide/target:rw,Z" "-v" "/var/lib/crater-agent-workspace/builds/worker-10/source:/opt/rustwide/workdir:ro,Z" "-v" "/var/lib/crater-agent-workspace/cargo-home:/opt/rustwide/cargo-home:ro,Z" "-v" "/var/lib/crater-agent-workspace/rustup-home:/opt/rustwide/rustup-home:ro,Z" "-e" "SOURCE_DIR=/opt/rustwide/workdir" "-e" "CARGO_TARGET_DIR=/opt/rustwide/target" "-e" "CARGO_INCREMENTAL=0" "-e" "RUST_BACKTRACE=full" "-e" "RUSTFLAGS=--cap-lints=forbid" "-e" "CARGO_HOME=/opt/rustwide/cargo-home" "-e" "RUSTUP_HOME=/opt/rustwide/rustup-home" "-w" "/opt/rustwide/workdir" "-m" "1610612736" "--user" "0:0" "--network" "none" "rustops/crates-build-env@sha256:d92eaeed33fa75130ca1ee6c8a01d1ffb62bac859dfdfb3450e3e5d1c0146529" "/opt/rustwide/cargo-home/bin/cargo" "+af3c6e733a40e671550e0f0f5aeecaa13772ba56" "check" "--frozen" "--all" "--all-targets" "--message-format=json", kill_on_drop: false }`
[INFO] [stderr] WARNING: Your kernel does not support swap limit capabilities or the cgroup is not mounted. Memory limited without swap.
[INFO] [stdout] 0a066bfcf70223f935038e0cb7f90b13ad264a9dd7b8237030373680c80693e1
[INFO] running `Command { std: "docker" "start" "-a" "0a066bfcf70223f935038e0cb7f90b13ad264a9dd7b8237030373680c80693e1", kill_on_drop: false }`
[INFO] [stderr]     Blocking waiting for file lock on package cache
[INFO] [stderr]     Blocking waiting for file lock on package cache
[INFO] [stderr]     Blocking waiting for file lock on package cache
[INFO] [stderr]     Blocking waiting for file lock on package cache
[INFO] [stderr]    Compiling libc v0.2.68
[INFO] [stderr]     Checking spin v0.5.2
[INFO] [stderr]    Compiling proc-macro2 v1.0.9
[INFO] [stderr]    Compiling byteorder v1.3.4
[INFO] [stderr]    Compiling memchr v2.3.3
[INFO] [stderr]    Compiling typenum v1.11.2
[INFO] [stderr]    Compiling serde v1.0.105
[INFO] [stderr]     Checking futures v0.1.29
[INFO] [stderr]    Compiling maybe-uninit v2.0.0
[INFO] [stderr]     Checking either v1.5.3
[INFO] [stderr]     Checking slab v0.4.2
[INFO] [stderr]     Checking scopeguard v1.1.0
[INFO] [stderr]     Checking itoa v0.4.5
[INFO] [stderr]     Checking smallvec v1.2.0
[INFO] [stderr]     Checking untrusted v0.7.0
[INFO] [stderr]     Checking regex-syntax v0.6.17
[INFO] [stderr]    Compiling version_check v0.9.1
[INFO] [stderr]     Checking rand_core v0.4.2
[INFO] [stderr]    Compiling autocfg v0.1.7
[INFO] [stderr]    Compiling httparse v1.3.4
[INFO] [stderr]     Checking percent-encoding v2.1.0
[INFO] [stderr]     Checking fake-simd v0.1.2
[INFO] [stderr]     Checking try-lock v0.2.2
[INFO] [stderr]    Compiling failure_derive v0.1.7
[INFO] [stderr]     Checking byte-tools v0.3.1
[INFO] [stderr]     Checking quick-error v1.2.3
[INFO] [stderr]     Checking termcolor v1.1.0
[INFO] [stderr]     Checking opaque-debug v0.2.3
[INFO] [stderr]    Compiling crc32fast v1.2.0
[INFO] [stderr]    Compiling subtle v2.2.2
[INFO] [stderr]    Compiling encoding_rs v0.8.22
[INFO] [stderr]     Checking mime v0.3.16
[INFO] [stderr]     Checking subtle v1.0.0
[INFO] [stderr]     Checking adler32 v1.0.4
[INFO] [stderr]     Checking bytes v0.5.4
[INFO] [stderr]    Compiling feature-probe v0.1.1
[INFO] [stderr]    Compiling syn v0.15.44
[INFO] [stderr]    Compiling winapi v0.3.8
[INFO] [stderr]    Compiling pkg-config v0.3.17
[INFO] [stderr]    Compiling proc-macro-hack v0.5.14
[INFO] [stderr]    Compiling bs58 v0.3.0
[INFO] [stderr]     Checking futures-core v0.3.4
[INFO] [stderr]     Checking assert_matches v1.3.0
[INFO] [stderr]     Checking pin-project-lite v0.1.4
[INFO] [stderr]     Checking hex v0.4.2
[INFO] [stderr]    Compiling proc-macro-nested v0.1.4
[INFO] [stderr]     Checking base64 v0.11.0
[INFO] [stderr]     Checking pin-utils v0.1.0-alpha.4
[INFO] [stderr]     Checking futures-task v0.3.4
[INFO] [stderr]     Checking futures-io v0.3.4
[INFO] [stderr]     Checking futures-sink v0.3.4
[INFO] [stderr]     Checking remove_dir_all v0.5.2
[INFO] [stderr]     Checking tower-service v0.3.0
[INFO] [stderr]    Compiling fs_extra v1.1.0
[INFO] [stderr]     Checking foreign-types-shared v0.1.1
[INFO] [stderr]    Compiling openssl v0.10.28
[INFO] [stderr]     Checking arrayref v0.3.6
[INFO] [stderr]     Checking byte-tools v0.2.0
[INFO] [stderr]     Checking bit-vec v0.4.4
[INFO] [stderr]     Checking rustc-hash v1.1.0
[INFO] [stderr]     Checking bit-vec v0.5.1
[INFO] [stderr]     Checking ascii v0.7.1
[INFO] [stderr]     Checking utf-8 v0.7.5
[INFO] [stderr]    Compiling crossbeam-utils v0.7.2
[INFO] [stderr]    Compiling memoffset v0.5.4
[INFO] [stderr]    Compiling crossbeam-epoch v0.8.2
[INFO] [stderr]    Compiling indexmap v1.3.2
[INFO] [stderr]    Compiling num-traits v0.2.11
[INFO] [stderr]     Checking try_from v0.3.2
[INFO] [stderr]     Checking lock_api v0.3.3
[INFO] [stderr]     Checking lazy_static v1.4.0
[INFO] [stderr]     Checking itertools v0.8.2
[INFO] [stderr]     Checking itertools v0.7.11
[INFO] [stderr]     Checking unicode-normalization v0.1.12
[INFO] [stderr]     Checking rand_core v0.3.1
[INFO] [stderr]     Checking rand_jitter v0.1.4
[INFO] [stderr]     Checking block-padding v0.1.5
[INFO] [stderr]     Checking humantime v1.3.0
[INFO] [stderr]     Checking miniz_oxide v0.3.6
[INFO] [stderr]    Compiling unicase v2.6.0
[INFO] [stderr]    Compiling error-chain v0.12.2
[INFO] [stderr]     Checking futures-channel v0.3.4
[INFO] [stderr]    Compiling rand_pcg v0.1.2
[INFO] [stderr]    Compiling rand_chacha v0.1.1
[INFO] [stderr]    Compiling rand v0.6.5
[INFO] [stderr]    Compiling bv v0.11.1
[INFO] [stderr]     Checking http v0.2.0
[INFO] [stderr]     Checking input_buffer v0.3.1
[INFO] [stderr]     Checking semver v0.9.0
[INFO] [stderr]     Checking foreign-types v0.3.2
[INFO] [stderr]     Checking log v0.4.8
[INFO] [stderr]     Checking block-buffer v0.3.3
[INFO] [stderr]     Checking bloom v0.3.2
[INFO] [stderr]     Checking thread_local v1.0.1
[INFO] [stderr]     Checking rand_xorshift v0.1.1
[INFO] [stderr]     Checking rand_hc v0.1.0
[INFO] [stderr]     Checking rand_isaac v0.1.1
[INFO] [stderr]     Checking proc-macro2 v0.4.30
[INFO] [stderr]     Checking tokio-sync v0.1.8
[INFO] [stderr]    Compiling parking_lot_core v0.6.2
[INFO] [stderr]    Compiling parking_lot v0.9.0
[INFO] [stderr]    Compiling hyper v0.12.35
[INFO] [stderr]     Checking want v0.2.0
[INFO] [stderr]     Checking want v0.3.0
[INFO] [stderr]     Checking smallvec v0.6.13
[INFO] [stderr]     Checking aho-corasick v0.7.10
[INFO] [stderr]     Checking base64 v0.10.1
[INFO] [stderr]     Checking ar v0.6.2
[INFO] [stderr]     Checking hash32 v0.1.1
[INFO] [stderr]     Checking combine v2.5.2
[INFO] [stderr]     Checking idna v0.2.0
[INFO] [stderr]     Checking idna v0.1.5
[INFO] [stderr]     Checking quote v0.6.13
[INFO] [stderr]     Checking quote v1.0.3
[INFO] [stderr]     Checking tokio-executor v0.1.10
[INFO] [stderr]     Checking crossbeam-queue v0.2.1
[INFO] [stderr]     Checking generic-array v0.12.3
[INFO] [stderr]     Checking generic-array v0.9.0
[INFO] [stderr]     Checking syn v1.0.17
[INFO] [stderr]    Compiling mime_guess v2.0.3
[INFO] [stderr]     Checking tokio-current-thread v0.1.7
[INFO] [stderr]     Checking tokio-timer v0.2.13
[INFO] [stderr]     Checking url v2.1.1
[INFO] [stderr]     Checking crossbeam-deque v0.7.3
[INFO] [stderr]     Checking url v1.7.2
[INFO] [stderr]     Checking num-integer v0.1.42
[INFO] [stderr]     Checking digest v0.7.6
[INFO] [stderr]     Checking regex v1.3.5
[INFO] [stderr]     Checking http-body v0.3.1
[INFO] [stderr]     Checking digest v0.8.1
[INFO] [stderr]     Checking block-buffer v0.7.3
[INFO] [stderr]     Checking crypto-mac v0.7.0
[INFO] [stderr]    Compiling num-traits v0.1.43
[INFO] [stderr]     Checking iovec v0.1.4
[INFO] [stderr]     Checking num_cpus v1.12.0
[INFO] [stderr]     Checking net2 v0.2.33
[INFO] [stderr]     Checking time v0.1.42
[INFO] [stderr]     Checking atty v0.2.14
[INFO] [stderr]     Checking rand_os v0.1.3
[INFO] [stderr]     Checking jobserver v0.1.21
[INFO] [stderr]     Checking getrandom v0.1.14
[INFO] [stderr]     Checking flate2 v1.0.14
[INFO] [stderr]     Checking memmap v0.7.0
[INFO] [stderr]     Checking termios v0.3.1
[INFO] [stderr]     Checking clicolors-control v1.0.1
[INFO] [stderr]     Checking gethostname v0.2.1
[INFO] [stderr]     Checking parking_lot_core v0.7.0
[INFO] [stderr]     Checking rpassword v4.0.5
[INFO] [stderr]     Checking socket2 v0.3.11
[INFO] [stderr]     Checking dirs-sys v0.3.4
[INFO] [stderr]     Checking nix v0.17.0
[INFO] [stderr]     Checking sha2 v0.7.1
[INFO] [stderr]     Checking pbkdf2 v0.3.0
[INFO] [stderr]     Checking hmac v0.7.1
[INFO] [stderr]     Checking sha2 v0.8.1
[INFO] [stderr]     Checking sha-1 v0.8.2
[INFO] [stderr]    Compiling enum-primitive-derive v0.1.2
[INFO] [stderr]     Checking tokio-threadpool v0.1.18
[INFO] [stderr]     Checking futures-cpupool v0.1.8
[INFO] [stderr]     Checking rayon-core v1.7.0
[INFO] [stderr]     Checking solana-rayon-threadlimit v1.0.10
[INFO] [stderr]     Checking bytes v0.4.12
[INFO] [stderr]     Checking clap v2.33.0
[INFO] [stderr]     Checking colored v1.9.3
[INFO] [stderr]     Checking mio v0.6.21
[INFO] [stderr]     Checking cc v1.0.49
[INFO] [stderr]     Checking rand_core v0.5.1
[INFO] [stderr]     Checking cookie v0.12.0
[INFO] [stderr]     Checking dirs v2.0.2
[INFO] [stderr]     Checking parking_lot v0.10.0
[INFO] [stderr]     Checking publicsuffix v1.5.4
[INFO] [stderr]     Checking env_logger v0.7.1
[INFO] [stderr]     Checking console v0.10.0
[INFO] [stderr]     Checking console v0.9.2
[INFO] [stderr]     Checking env_logger v0.5.13
[INFO] [stderr]     Checking rayon v1.3.0
[INFO] [stderr]     Checking tokio-io v0.1.13
[INFO] [stderr]     Checking http v0.1.21
[INFO] [stderr]     Checking string v0.2.1
[INFO] [stderr]     Checking tokio-buf v0.1.1
[INFO] [stderr]     Checking rand_chacha v0.2.2
[INFO] [stderr]     Checking once_cell v1.3.1
[INFO] [stderr]     Checking solana-logger v1.0.10
[INFO] [stderr]     Checking mio-uds v0.6.7
[INFO] [stderr]     Checking tokio v0.2.13
[INFO] [stderr]     Checking indicatif v0.14.0
[INFO] [stderr]     Checking tokio-reactor v0.1.12
[INFO] [stderr]     Checking tokio-codec v0.1.2
[INFO] [stderr]     Checking tokio-fs v0.1.7
[INFO] [stderr]     Checking uuid v0.7.4
[INFO] [stderr]     Checking rand v0.7.3
[INFO] [stderr]     Checking tokio-tcp v0.1.4
[INFO] [stderr]     Checking tokio-uds v0.2.6
[INFO] [stderr]     Checking tokio-udp v0.1.6
[INFO] [stderr]    Compiling ring v0.16.11
[INFO] [stderr]    Compiling backtrace-sys v0.1.35
[INFO] [stderr]    Compiling clear_on_drop v0.2.3
[INFO] [stderr]    Compiling openssl-sys v0.9.54
[INFO] [stderr]    Compiling hidapi v1.2.1
[INFO] [stderr]    Compiling jemalloc-sys v0.3.2
[INFO] [stderr]    Compiling libloading v0.5.2
[INFO] [stderr]     Checking tokio v0.1.22
[INFO] [stderr]     Checking tempfile v3.1.0
[INFO] [stderr]     Checking dialoguer v0.5.0
[INFO] [stderr]    Compiling curve25519-dalek v1.2.3
[INFO] [stderr]    Compiling native-tls v0.2.4
[INFO] [stderr]     Checking http-body v0.1.0
[INFO] [stderr]     Checking h2 v0.1.26
[INFO] [stderr]     Checking tokio-util v0.2.0
[INFO] [stderr]    Compiling synstructure v0.12.3
[INFO] [stderr]     Checking webpki v0.21.2
[INFO] [stderr]     Checking sct v0.6.0
[INFO] [stderr]     Checking ct-logs v0.6.0
[INFO] [stderr]     Checking rustls v0.16.0
[INFO] [stderr]     Checking webpki-roots v0.17.0
[INFO] [stderr]     Checking rustls v0.17.0
[INFO] [stderr]     Checking webpki-roots v0.18.0
[INFO] [stderr]     Checking tungstenite v0.10.1
[INFO] [stderr]    Compiling serde_derive v1.0.105
[INFO] [stderr]    Compiling thiserror-impl v1.0.13
[INFO] [stderr]    Compiling num-derive v0.3.0
[INFO] [stderr]    Compiling solana-sdk-macro v1.0.10
[INFO] [stderr]    Compiling futures-macro v0.3.4
[INFO] [stderr]    Compiling pin-project-internal v0.4.8
[INFO] [stderr]    Compiling paste-impl v0.1.9
[INFO] [stderr]     Checking tokio-rustls v0.10.3
[INFO] [stderr]     Checking hyper-rustls v0.17.1
[INFO] [stderr]     Checking paste v0.1.9
[INFO] [stderr]     Checking tokio-rustls v0.13.0
[INFO] [stderr]     Checking rustls-native-certs v0.3.0
[INFO] [stderr]     Checking futures-util v0.3.4
[INFO] [stderr]     Checking thiserror v1.0.13
[INFO] [stderr]     Checking pin-project v0.4.8
[INFO] [stderr]     Checking h2 v0.2.2
[INFO] [stderr]     Checking hyper v0.13.4
[INFO] [stderr]     Checking hyper-rustls v0.20.0
[INFO] [stderr]     Checking backtrace v0.3.46
[INFO] [stderr]     Checking serde_json v1.0.48
[INFO] [stderr]     Checking chrono v0.4.11
[INFO] [stderr]     Checking serde_urlencoded v0.5.5
[INFO] [stderr]     Checking serde_bytes v0.11.3
[INFO] [stderr]     Checking generic-array v0.13.2
[INFO] [stderr]     Checking bincode v1.2.1
[INFO] [stderr]     Checking serde_urlencoded v0.6.1
[INFO] [stderr]     Checking serde_yaml v0.8.11
[INFO] [stderr]     Checking reqwest v0.10.4
[INFO] [stderr]     Checking failure v0.1.7
[INFO] [stderr]     Checking solana-cli-config v1.0.10
[INFO] [stderr]     Checking ed25519-dalek v1.0.0-pre.1
[INFO] [stderr]     Checking tiny-bip39 v0.7.2
[INFO] [stderr]     Checking pretty_env_logger v0.2.5
[INFO] [stderr]     Checking cookie_store v0.7.0
[INFO] [stderr]     Checking jsonrpc-core v14.0.5
[INFO] [stderr]     Checking elfkit v0.0.6
[INFO] [stderr]     Checking reqwest v0.9.24
[INFO] [stderr]     Checking solana_rbpf v0.1.21
[INFO] [stderr]     Checking solana-crate-features v1.0.10
[INFO] [stderr]     Checking solana-sdk v1.0.10
[INFO] [stderr]     Checking solana-metrics v1.0.10
[INFO] [stderr]     Checking solana-remote-wallet v1.0.10
[INFO] [stderr]     Checking solana-config-program v1.0.10
[INFO] [stderr]     Checking solana-bpf-loader-program v1.0.10
[INFO] [stderr]     Checking solana-storage-program v1.0.10
[INFO] [stderr]     Checking solana-vote-program v1.0.10
[INFO] [stderr]     Checking solana-clap-utils v1.0.10
[INFO] [stderr]     Checking solana-net-utils v1.0.10
[INFO] [stderr]     Checking solana-stake-program v1.0.10
[INFO] [stderr]     Checking solana-client v1.0.10
[INFO] [stderr]     Checking solana-stake-accounts v0.1.0 (/opt/rustwide/workdir)
[INFO] [stderr]     Checking jemalloc-ctl v0.3.3
[INFO] [stderr]     Checking jemallocator v0.3.2
[INFO] [stderr]     Checking solana-measure v1.0.10
[INFO] [stderr]     Checking solana-runtime v1.0.10
[INFO] [stdout] error[E0425]: cannot find function `id` in crate `$crate`
[INFO] [stdout]    --> /opt/rustwide/cargo-home/registry/src/github.com-1ecc6299db9ec823/solana-runtime-1.0.10/src/genesis_utils.rs:138:9
[INFO] [stdout]     |
[INFO] [stdout] 138 |         solana_bpf_loader_program!(),
[INFO] [stdout]     |         ^^^^^^^^^^^^^^^^^^^^^^^^^^^^ not found in `$crate`
[INFO] [stdout]     |
[INFO] [stdout]     = note: this error originates in a macro (in Nightly builds, run with -Z macro-backtrace for more info)
[INFO] [stdout] help: consider importing one of these items
[INFO] [stdout]     |
[INFO] [stdout] 1   | use crate::bank::native_loader::id;
[INFO] [stdout]     |
[INFO] [stdout] 1   | use crate::bank_client::io::sys::ext::process::process::id;
[INFO] [stdout]     |
[INFO] [stdout] 1   | use crate::blockhash_queue::recent_blockhashes::id;
[INFO] [stdout]     |
[INFO] [stdout] 1   | use crate::genesis_utils::stake_state::id;
[INFO] [stdout]     |
[INFO] [stdout]       and 32 other candidates
[INFO] [stdout] 
[INFO] [stdout] 
[INFO] [stdout] error[E0425]: cannot find function `id` in crate `$crate`
[INFO] [stdout]    --> /opt/rustwide/cargo-home/registry/src/github.com-1ecc6299db9ec823/solana-runtime-1.0.10/src/genesis_utils.rs:139:9
[INFO] [stdout]     |
[INFO] [stdout] 139 |         solana_vote_program!(),
[INFO] [stdout]     |         ^^^^^^^^^^^^^^^^^^^^^^ not found in `$crate`
[INFO] [stdout]     |
[INFO] [stdout]     = note: this error originates in a macro (in Nightly builds, run with -Z macro-backtrace for more info)
[INFO] [stdout] help: consider importing one of these items
[INFO] [stdout]     |
[INFO] [stdout] 1   | use crate::bank::native_loader::id;
[INFO] [stdout]     |
[INFO] [stdout] 1   | use crate::bank_client::io::sys::ext::process::process::id;
[INFO] [stdout]     |
[INFO] [stdout] 1   | use crate::blockhash_queue::recent_blockhashes::id;
[INFO] [stdout]     |
[INFO] [stdout] 1   | use crate::genesis_utils::stake_state::id;
[INFO] [stdout]     |
[INFO] [stdout]       and 32 other candidates
[INFO] [stdout] 
[INFO] [stdout] 
[INFO] [stdout] error[E0425]: cannot find function `id` in crate `$crate`
[INFO] [stdout]    --> /opt/rustwide/cargo-home/registry/src/github.com-1ecc6299db9ec823/solana-runtime-1.0.10/src/genesis_utils.rs:140:9
[INFO] [stdout]     |
[INFO] [stdout] 140 |         solana_stake_program!(),
[INFO] [stdout]     |         ^^^^^^^^^^^^^^^^^^^^^^^ not found in `$crate`
[INFO] [stdout]     |
[INFO] [stdout]     = note: this error originates in a macro (in Nightly builds, run with -Z macro-backtrace for more info)
[INFO] [stdout] help: consider importing one of these items
[INFO] [stdout]     |
[INFO] [stdout] 1   | use crate::bank::native_loader::id;
[INFO] [stdout]     |
[INFO] [stdout] 1   | use crate::bank_client::io::sys::ext::process::process::id;
[INFO] [stdout]     |
[INFO] [stdout] 1   | use crate::blockhash_queue::recent_blockhashes::id;
[INFO] [stdout]     |
[INFO] [stdout] 1   | use crate::genesis_utils::stake_state::id;
[INFO] [stdout]     |
[INFO] [stdout]       and 32 other candidates
[INFO] [stdout] 
[INFO] [stdout] 
[INFO] [stdout] error: aborting due to 3 previous errors
[INFO] [stdout] 
[INFO] [stdout] 
[INFO] [stdout] For more information about this error, try `rustc --explain E0425`.
[INFO] [stdout] 
[INFO] [stderr] error: could not compile `solana-runtime`.
[INFO] [stderr] 
[INFO] [stderr] To learn more, run the command again with --verbose.
[INFO] running `Command { std: "docker" "inspect" "0a066bfcf70223f935038e0cb7f90b13ad264a9dd7b8237030373680c80693e1", kill_on_drop: false }`
[INFO] running `Command { std: "docker" "rm" "-f" "0a066bfcf70223f935038e0cb7f90b13ad264a9dd7b8237030373680c80693e1", kill_on_drop: false }`
[INFO] [stdout] 0a066bfcf70223f935038e0cb7f90b13ad264a9dd7b8237030373680c80693e1
